= 3*p. What is the remainder when 628 is divided by p?
20
Suppose -5*j + 3*j - 2*y = -34, j - 13 = -2*y. Let v be -3 + (-100)/(-36) - (-220)/18. Let w = v + 28. Calculate the remainder when w is divided by j.
19
Let q(b) = -b + 1. Let h(f) = 11*f + 10. Let t(g) = h(g) - 4*q(g). Let w be 22/6 + 4/(-6). Calculate the remainder when t(w) is divided by 13.
12
Suppose -f + 202 = -0*p + 5*p, 3*f - 586 = -5*p. Calculate the remainder when f is divided by 99.
93
Let d be (0/((-56)/(-8)))/(-1). Suppose 9 = -3*p, -3*b + d*p = -4*p - 36. Calculate the remainder when b is divided by (-23)/(-5) - 2/(-5).
3
Suppose -9*o + 6*o = 0. Suppose -17*c + 7*c + 3210 = o. Calculate the remainder when c is divided by 9.
6
Let m(u) = -10*u**3 - 12*u**2 - 5*u + 13. Let r(c) = 2*c**3 + c**2 + c - 1. Let f(d) = m(d) + 6*r(d). Calculate the remainder when f(4) is divided by 4.
3
Suppose -4*n + 2*n = -2*c - 14, 5*n + 5*c = 25. What is the remainder when ((-153)/102)/((-3)/112) is divided by n?
2
Suppose b + 4*g = 9, 0*g + 3*g = -b + 12. Calculate the remainder when 35 is divided by b.
14
Suppose -6*j + 4 = -10*j. Let p(a) = 1. Let c(w) = w. Let d(f) = j*p(f) - 5*c(f). What is the remainder when 37 is divided by d(-3)?
9
Let x = 46 - -145. Suppose s - x = -5*h - 2*s, -5*s = 2*h - 84. Calculate the remainder when 254 is divided by h.
32
Let s = -2137 + 3063. Calculate the remainder when s is divided by 15.
11
What is the remainder when 378 is divided by (4 - (-270)/(-70))*917?
116
Suppose 3*y = -4*h + 108, 63*y + 2*h = 60*y + 102. What is the remainder when 1781 is divided by y?
21
Suppose -3*z = 2*r - 242, 160 - 490 = -4*z + r. Let o(b) = -46*b + 166. What is the remainder when z is divided by o(3)?
26
Let s(u) = -u + 61. Let i be s(55). Suppose 5*p - 3*p = 102. Suppose p + 3 = i*v. Calculate the remainder when v is divided by 5.
4
Let c = -8 - -10. Let q(f) = -f**3 + 8*f**2 - 2*f - 27. Let h be q(7). Suppose b = 5*n - n - 8, -4*n + h = 3*b. Calculate the remainder when c is divided by n.
0
Let v = 13662 - 5268. What is the remainder when v is divided by 27?
24
Suppose -180 = -4*z + 4*y, -8*z + 7*z + 2*y + 48 = 0. Calculate the remainder when 169 - (4/2 - 0) is divided by z.
41
Let p(s) = -6*s + 8*s**2 - 3*s - 4 - 12 + 31. Let g be p(-9). Suppose -258 = 9*z - g. Calculate the remainder when z is divided by 14.
12
Suppose 8*n = -9 - 87. Let z(y) = -y**2 - 8*y - 5. What is the remainder when 1/((-33)/63 - 8/n) is divided by z(-6)?
0
Suppose 2*d + 417 + 47 = -5*q, d = -5*q - 232. Let b = 262 + d. Calculate the remainder when b is divided by 9.
3
Suppose 0*r + 2*r = -2. Suppose 4*d - 15 = -j, -32*j = 2*d - 37*j + 31. Calculate the remainder when -1 + 4 - (-1)/r is divided by d.
0
Let k(g) = -g**3 - g**2 + g - 467. Let s be k(0). Let p = 863 + s. Let j = p + -256. Calculate the remainder when j is divided by 11.
8
Let y = 267 + -265. Suppose 2*r + 142 = 2*z, 0 = y*z - 5*r + 20 - 171. Calculate the remainder when z is divided by (46/4)/((-2)/(-4)).
22
Let m(d) = -d**2 + 87. Calculate the remainder when 285 is divided by m(-7).
19
Let a = -5001 - -5204. Calculate the remainder when 699 is divided by a.
90
Let b = 4860 + 20366. Calculate the remainder when b is divided by 68.
66
Let k(t) = -t**2 + 11*t + 1251. Calculate the remainder when 188 is divided by k(-30).
20
Let g be 2/(-11) + ((-240864)/(-88))/6. Suppose -14*a = -2*a - g. Calculate the remainder when 71 is divided by a.
33
Let h = 143 - 140. Suppose 3*x + 59 = h*g - g, 2*x = -4*g + 110. What is the remainder when 44 is divided by g?
16
Suppose -2151 = -5*h + 409. Suppose 0 = 5*o - 21*o + h. Calculate the remainder when 113 is divided by o.
17
Let y(x) = 5*x - 9. Let g be y(5). Let o be (2/(-3))/(g/(-984)). Let k = -36 + o. Calculate the remainder when 16 is divided by k.
1
Let j(x) = x**3 - 17*x**2 - 7*x + 59. Let b be j(17). Let i = b - -78. Let g = 104 - 53. What is the remainder when g is divided by i?
15
Suppose 29 = 2*p + 3*t, -4*p + 2319*t = 2317*t - 34. What is the remainder when 828 is divided by p?
8
Suppose -h - 615 + 702 = 4*l, -4*h = l - 258. Suppose -2*z = -5*z + 24. Let b = 16 - z. What is the remainder when h is divided by b?
7
Let v be ((-204)/(-30) - 6) + 892/10. Let j = 101 - v. What is the remainder when 129 is divided by j?
8
Suppose 4*q - 4*y + 452 = 9*q, -4*q - 5*y = -367. Calculate the remainder when 427 is divided by q.
75
Let l(a) = 22*a**2 + 21*a + 161. Calculate the remainder when l(-8) is divided by 94.
85
Suppose -5*x + 1592 + 107 = 2*w, -5*w + 349 = x. Let o = -316 + x. What is the remainder when 73 is divided by o?
4
Suppose -144 = -5*k - 4*a + 736, -2*a = k - 176. Suppose -2*f + k = 6*f. Calculate the remainder when 85 is divided by f.
19
Suppose -7051 = -74*x + 2007 - 30. What is the remainder when x is divided by 12?
2
Let i(n) = 4*n**2 - 95*n - 518. Calculate the remainder when i(38) is divided by 87.
82
Suppose -245*q = -18*q - 15*q - 101760. What is the remainder when q is divided by 244?
236
Let t(s) = s**2 - 101*s + 100. Let q be t(1). Suppose -15 = -0*y - 5*y. Suppose 2*d = -q*d, -y*v = -4*d - 72. What is the remainder when 46 is divided by v?
22
Suppose 0 = 5*c - 2*t - 180, -14*c = -9*c + 5*t - 180. What is the remainder when 281 is divided by c?
29
Let t(d) = 2*d**2 - 9*d - 14. Let b(k) = 7*k**2 + 20*k + 47. Calculate the remainder when b(-7) is divided by t(8).
40
Let x(c) = c + 52. Let u(k) = k**2 + 2*k - 3. What is the remainder when x(-44) is divided by u(2)?
3
Suppose 7*d = 5*y + 3*d + 3, 4*y - 4*d = 0. Let x be (4 - (y - -333)) + -4. Calculate the remainder when 13 is divided by 4/14 - x/70.
3
Let n(p) = -7*p + 17. Let k be n(8). Let a = 141 + k. Suppose 0 = 2*s - 3*s + a. What is the remainder when s is divided by 35?
32
Let x be 3*333/351 + (-2)/(-13). Suppose -2*v - 4 = 0, 4*n - x*n - 79 = -v. What is the remainder when n is divided by 29?
23
Suppose -31*b = -4*x - 30*b + 1817, 1772 = 4*x + 4*b. What is the remainder when x is divided by 36?
20
Suppose -2*r + 18 = -12. Let f be 400/112 + 12/28. Suppose f*t - 71 = -r. What is the remainder when t is divided by 3?
2
Let h be (-1*1)/((-7)/665). Suppose -3*l - h = -8*l. Suppose 5*i - 134 = 146. Calculate the remainder when i is divided by l.
18
Let n(l) = -82*l + 237. Calculate the remainder when n(-3) is divided by 110.
43
Suppose -5*u + k = -435, -15*k + 18*k - 15 = 0. What is the remainder when u is divided by 19?
12
Suppose f + n - 34 = -4*n, -5*f - 4*n = -149. Let z = 9600 - 9462. Calculate the remainder when z is divided by f.
22
Let q = -47346 + 47423. Suppose 5*n + 0*n - 70 = 0. What is the remainder when q is divided by n?
7
Let l = -347 + 351. Suppose 2*z = l*z - 18. Calculate the remainder when 52 is divided by z.
7
Suppose -5*k + 27 = -3. Suppose 0 = 4*r + d - 120, -r + 57 - 8 = 5*d. What is the remainder when 112 + 1 - (k - (5 + 1)) is divided by r?
26
Let o be (-41)/((7 + -6)*1/(-4)). Let p = -62 + o. Suppose s - 16 = p. Calculate the remainder when s is divided by 30.
28
Let m be (318/(-9))/(-3*(-2)/(-18)). Let s = 249 - m. What is the remainder when s is divided by 21?
17
Let g = -717 + 205. Let d = g - -534. Suppose 0 = -5*u + 2*c + 203, u - c = 3*c + 37. Calculate the remainder when u is divided by d.
19
Let n be 11135/(-119) + (-3)/7. Let r be -144 + -1 - (-1 - 0). Let w = n - r. What is the remainder when w is divided by 9?
5
Suppose 24*a = 42*a - 11684 - 4174. What is the remainder when a is divided by 14?
13
Let n = -6393 - -6709. What is the remainder when 338 is divided by n?
22
Let r be 18 + ((-4)/6)/((-20)/30). Let m = r - -2. Let z = m + -15. Calculate the remainder when 31 is divided by z.
1
Suppose -17548 - 8003 = -116*n - 37*n. Calculate the remainder when n is divided by (-352)/(-10) - (-1)/(-5).
27
Suppose -18*i - 9219 + 4305 = -72*i. Calculate the remainder when 184 is divided by i.
2
Let t = 81 + -79. Suppose 5*m = -t*l + 548, 2*m - l - 331 = -m. Let v = m - 4. What is the remainder when v is divided by 28?
22
Let k(x) = 849*x - 36. Let q be k(-1). Let d = q - -925. Calculate the remainder when 759 is divided by d.
39
Let n = -1239 + 1557. Let w(m) = m**2 + 2*m + 3. Let r be w(-2). Suppose r*t - 2*f = n, 4*t - f - 429 = -0*t. What is the remainder when t is divided by 37?
34
Let v = 3870 